{"id":49,"date":"2023-10-28T00:35:57","date_gmt":"2023-10-28T00:35:57","guid":{"rendered":"https:\/\/rne.cl\/?page_id=49"},"modified":"2023-11-09T14:48:58","modified_gmt":"2023-11-09T14:48:58","slug":"senapred","status":"publish","type":"page","link":"https:\/\/www.rne.cl\/?page_id=49","title":{"rendered":"SENAPRED"},"content":{"rendered":"\n<figure class=\"wp-block-image size-large\"><img loading=\"lazy\" decoding=\"async\" width=\"1024\" height=\"133\" src=\"https:\/\/rne.cl\/wp-content\/uploads\/2023\/10\/generico_01-1536x200-1-1024x133.png\" alt=\"\" class=\"wp-image-50\" srcset=\"https:\/\/www.rne.cl\/wp-content\/uploads\/2023\/10\/generico_01-1536x200-1-1024x133.png 1024w, https:\/\/www.rne.cl\/wp-content\/uploads\/2023\/10\/generico_01-1536x200-1-300x39.png 300w, https:\/\/www.rne.cl\/wp-content\/uploads\/2023\/10\/generico_01-1536x200-1-768x100.png 768w, https:\/\/www.rne.cl\/wp-content\/uploads\/2023\/10\/generico_01-1536x200-1-500x65.png 500w, https:\/\/www.rne.cl\/wp-content\/uploads\/2023\/10\/generico_01-1536x200-1.png 1536w\" sizes=\"auto, (max-width: 1024px) 100vw, 1024px\" \/><\/figure>\n\n\n\n<p>Vistia el sitio web oficial del Servicio Nacional de Prevenci\u00f3n y Respuesta ante Desastres SENAPRED.  <strong><a href=\"https:\/\/web.senapred.cl\/\" target=\"_blank\" rel=\"noreferrer noopener\">https:\/\/web.senapred.cl\/<\/a><\/strong><\/p>\n\n\n\n<p>El Servicio Nacional de Prevenci\u00f3n y Respuesta ante Desastres, SENAPRED, es el organismo t\u00e9cnico del Estado establecido por la&nbsp;<strong><a href=\"https:\/\/www.bcn.cl\/leychile\/navegar?idNorma=1163423\">Ley 21.364<\/a>,<\/strong>&nbsp;originalmente creado como Oficina Nacional de Emergencia del Ministerio del Interior y Seguridad P\u00fablica \u2013 ONEMI, mediante el Decreto Ley N\u00ba 369 de 1974; a cargo de planificar y coordinar los recursos p\u00fablicos y privados destinados a la prevenci\u00f3n y atenci\u00f3n de emergencias y desastres de origen natural o provocados por la acci\u00f3n humana, proporcionando a los ministerios, delegaciones, gobernaciones regionales, municipios y organismos de Protecci\u00f3n Civil de nivel nacional, regional, provincial y comunal, modelos y planes de gesti\u00f3n permanente para la prevenci\u00f3n y manejo de emergencias, desastres y cat\u00e1strofes.<\/p>\n\n\n\n<p>Asimismo, para dar cumplimiento a su mandato legal, corresponder\u00e1 a SENAPRED movilizar, dentro de los par\u00e1metros establecidos por el Estado, los recursos disponibles tanto del \u00e1mbito p\u00fablico como privado para evitar o mitigar el potencial impacto de ocurrencia de una situaci\u00f3n riesgo, emergencia o cat\u00e1strofe.<\/p>\n\n\n\n<iframe loading=\"lazy\" src=\"https:\/\/www.senapred.cl\/informate\/eventos\" height=\"400\" width=\"800\" name=\"senapred\">\n  <p>Su navegador no es compatible con iframes<\/p>\n<\/iframe>\n","protected":false},"excerpt":{"rendered":"<p>Vistia el sitio web oficial del Servicio Nacional de Prevenci\u00f3n y Respuesta ante Desastres SENAPRED. https:\/\/web.senapred.cl\/ El Servicio Nacional de Prevenci\u00f3n y Respuesta ante Desastres, SENAPRED, es el organismo t\u00e9cnico del Estado establecido por la&nbsp;Ley 21.364,&nbsp;originalmente creado como Oficina Nacional &hellip; <a href=\"https:\/\/www.rne.cl\/?page_id=49\">Continuar leyendo <span class=\"meta-nav\">&rarr;<\/span><\/a><\/p>\n","protected":false},"author":2,"featured_media":0,"parent":0,"menu_order":0,"comment_status":"closed","ping_status":"closed","template":"","meta":{"footnotes":""},"class_list":["post-49","page","type-page","status-publish","hentry"],"_links":{"self":[{"href":"https:\/\/www.rne.cl\/index.php?rest_route=\/wp\/v2\/pages\/49","targetHints":{"allow":["GET"]}}],"collection":[{"href":"https:\/\/www.rne.cl\/index.php?rest_route=\/wp\/v2\/pages"}],"about":[{"href":"https:\/\/www.rne.cl\/index.php?rest_route=\/wp\/v2\/types\/page"}],"author":[{"embeddable":true,"href":"https:\/\/www.rne.cl\/index.php?rest_route=\/wp\/v2\/users\/2"}],"replies":[{"embeddable":true,"href":"https:\/\/www.rne.cl\/index.php?rest_route=%2Fwp%2Fv2%2Fcomments&post=49"}],"version-history":[{"count":2,"href":"https:\/\/www.rne.cl\/index.php?rest_route=\/wp\/v2\/pages\/49\/revisions"}],"predecessor-version":[{"id":168,"href":"https:\/\/www.rne.cl\/index.php?rest_route=\/wp\/v2\/pages\/49\/revisions\/168"}],"wp:attachment":[{"href":"https:\/\/www.rne.cl\/index.php?rest_route=%2Fwp%2Fv2%2Fmedia&parent=49"}],"curies":[{"name":"wp","href":"https:\/\/api.w.org\/{rel}","templated":true}]}}

<figure class="wp-block-image size-large"><img loading="lazy" decoding="async" width="1024" height="133" src="https://rne.cl/wp-content/uploads/2023/10/generico_01-1536x200-1-1024x133.png" alt="" class="wp-image-50" srcset="https://www.rne.cl/wp-content/uploads/2023/10/generico_01-1536x200-1-1024x133.png 1024w, https://www.rne.cl/wp-content/uploads/2023/10/generico_01-1536x200-1-300x39.png 300w, https://www.rne.cl/wp-content/uploads/2023/10/generico_01-1536x200-1-768x100.png 768w, https://www.rne.cl/wp-content/uploads/2023/10/generico_01-1536x200-1-500x65.png 500w, https://www.rne.cl/wp-content/uploads/2023/10/generico_01-1536x200-1.png 1536w" sizes="auto, (max-width: 1024px) 100vw, 1024px" /></figure>



<p>Vistia el sitio web oficial del Servicio Nacional de Prevención y Respuesta ante Desastres SENAPRED.  <strong><a href="https://web.senapred.cl/" target="_blank" rel="noreferrer noopener">https://web.senapred.cl/</a></strong></p>



<p>El Servicio Nacional de Prevención y Respuesta ante Desastres, SENAPRED, es el organismo técnico del Estado establecido por la&nbsp;<strong><a href="https://www.bcn.cl/leychile/navegar?idNorma=1163423">Ley 21.364</a>,</strong>&nbsp;originalmente creado como Oficina Nacional de Emergencia del Ministerio del Interior y Seguridad Pública – ONEMI, mediante el Decreto Ley Nº 369 de 1974; a cargo de planificar y coordinar los recursos públicos y privados destinados a la prevención y atención de emergencias y desastres de origen natural o provocados por la acción humana, proporcionando a los ministerios, delegaciones, gobernaciones regionales, municipios y organismos de Protección Civil de nivel nacional, regional, provincial y comunal, modelos y planes de gestión permanente para la prevención y manejo de emergencias, desastres y catástrofes.</p>



<p>Asimismo, para dar cumplimiento a su mandato legal, corresponderá a SENAPRED movilizar, dentro de los parámetros establecidos por el Estado, los recursos disponibles tanto del ámbito público como privado para evitar o mitigar el potencial impacto de ocurrencia de una situación riesgo, emergencia o catástrofe.</p>



<iframe loading="lazy" src="https://www.senapred.cl/informate/eventos" height="400" width="800" name="senapred">
  <p>Su navegador no es compatible con iframes</p>
</iframe>

<p>Vistia el sitio web oficial del Servicio Nacional de Prevención y Respuesta ante Desastres SENAPRED. https://web.senapred.cl/ El Servicio Nacional de Prevención y Respuesta ante Desastres, SENAPRED, es el organismo técnico del Estado establecido por la&nbsp;Ley 21.364,&nbsp;originalmente creado como Oficina Nacional &hellip; <a href="https://www.rne.cl/?page_id=49">Continuar leyendo <span class="meta-nav">&rarr;</span></a></p>
