{"id":63,"date":"2023-10-28T00:49:30","date_gmt":"2023-10-28T00:49:30","guid":{"rendered":"https:\/\/rne.cl\/?page_id=63"},"modified":"2024-04-22T16:39:39","modified_gmt":"2024-04-22T16:39:39","slug":"incendios-forestales","status":"publish","type":"page","link":"https:\/\/www.rne.cl\/?page_id=63","title":{"rendered":"Incendios Forestales"},"content":{"rendered":"\n<figure class=\"wp-block-image size-full is-resized\"><img loading=\"lazy\" decoding=\"async\" width=\"370\" height=\"173\" src=\"https:\/\/rne.cl\/wp-content\/uploads\/2023\/10\/logo_conaf_2019.png\" alt=\"\" class=\"wp-image-64\" style=\"aspect-ratio:2.138728323699422;width:614px;height:auto\" srcset=\"https:\/\/www.rne.cl\/wp-content\/uploads\/2023\/10\/logo_conaf_2019.png 370w, https:\/\/www.rne.cl\/wp-content\/uploads\/2023\/10\/logo_conaf_2019-300x140.png 300w\" sizes=\"auto, (max-width: 370px) 100vw, 370px\" \/><\/figure>\n\n\n\n<p>La Corporaci\u00f3n Nacional Forestal (CONAF) es una entidad de derecho privado dependiente del Ministerio de Agricultura, cuya principal tarea es administrar la pol\u00edtica forestal de Chile y fomentar el desarrollo del sector.<\/p>\n\n\n\n<p>La Corporaci\u00f3n est\u00e1 dirigida por un director ejecutivo, en la actualidad Christian Little C\u00e1rdenas, y tiene la misi\u00f3n de:\u00a0Garantizar la conservaci\u00f3n, restauraci\u00f3n y el manejo sustentable de los ecosistemas boscosos y xerof\u00edticos del pa\u00eds, mediante acciones destinadas a la conservaci\u00f3n, manejo de ecosistemas. monitoreo y arborizaci\u00f3n, para satisfacer la demanda actual y futura por bienes y servicios ecosist\u00e9micos y contribuir al desarrollo territorial, de los pueblos originarios, las comunidades vulnerables y la valoraci\u00f3n de la biodiversidad en un escenario de crisis clim\u00e1tica..<\/p>\n\n\n\n<p>Revisa estado de INCENDIOS FORESTALES (Actualizado on-line) en el siguiente link:<br><a href=\"https:\/\/www.conaf.cl\/incendios-forestales\/incendios-forestales-en-chile\/estadistica-de-ocurrencia-diaria\/\" data-type=\"link\" data-id=\"https:\/\/www.conaf.cl\/incendios-forestales\/incendios-forestales-en-chile\/estadistica-de-ocurrencia-diaria\/\" target=\"_blank\" rel=\"noreferrer noopener\">Informe diario de incendios forestales.<\/a><\/p>\n","protected":false},"excerpt":{"rendered":"<p>La Corporaci\u00f3n Nacional Forestal (CONAF) es una entidad de derecho privado dependiente del Ministerio de Agricultura, cuya principal tarea es administrar la pol\u00edtica forestal de Chile y fomentar el desarrollo del sector. La Corporaci\u00f3n est\u00e1 dirigida por un director ejecutivo, &hellip; <a href=\"https:\/\/www.rne.cl\/?page_id=63\">Continuar leyendo <span class=\"meta-nav\">&rarr;<\/span><\/a><\/p>\n","protected":false},"author":2,"featured_media":0,"parent":0,"menu_order":0,"comment_status":"closed","ping_status":"closed","template":"","meta":{"footnotes":""},"class_list":["post-63","page","type-page","status-publish","hentry"],"_links":{"self":[{"href":"https:\/\/www.rne.cl\/index.php?rest_route=\/wp\/v2\/pages\/63","targetHints":{"allow":["GET"]}}],"collection":[{"href":"https:\/\/www.rne.cl\/index.php?rest_route=\/wp\/v2\/pages"}],"about":[{"href":"https:\/\/www.rne.cl\/index.php?rest_route=\/wp\/v2\/types\/page"}],"author":[{"embeddable":true,"href":"https:\/\/www.rne.cl\/index.php?rest_route=\/wp\/v2\/users\/2"}],"replies":[{"embeddable":true,"href":"https:\/\/www.rne.cl\/index.php?rest_route=%2Fwp%2Fv2%2Fcomments&post=63"}],"version-history":[{"count":2,"href":"https:\/\/www.rne.cl\/index.php?rest_route=\/wp\/v2\/pages\/63\/revisions"}],"predecessor-version":[{"id":259,"href":"https:\/\/www.rne.cl\/index.php?rest_route=\/wp\/v2\/pages\/63\/revisions\/259"}],"wp:attachment":[{"href":"https:\/\/www.rne.cl\/index.php?rest_route=%2Fwp%2Fv2%2Fmedia&parent=63"}],"curies":[{"name":"wp","href":"https:\/\/api.w.org\/{rel}","templated":true}]}}