{"id":69,"date":"2023-10-28T00:54:14","date_gmt":"2023-10-28T00:54:14","guid":{"rendered":"https:\/\/rne.cl\/?page_id=69"},"modified":"2023-10-28T00:54:14","modified_gmt":"2023-10-28T00:54:14","slug":"red-vigilancia-volcanica","status":"publish","type":"page","link":"https:\/\/www.rne.cl\/?page_id=69","title":{"rendered":"Red Vigilancia Volc\u00e1nica"},"content":{"rendered":"\n<figure class=\"wp-block-image size-large\"><img loading=\"lazy\" decoding=\"async\" width=\"1024\" height=\"363\" src=\"https:\/\/rne.cl\/wp-content\/uploads\/2023\/10\/rnvv-1024x363.png\" alt=\"\" class=\"wp-image-70\" srcset=\"https:\/\/www.rne.cl\/wp-content\/uploads\/2023\/10\/rnvv-1024x363.png 1024w, https:\/\/www.rne.cl\/wp-content\/uploads\/2023\/10\/rnvv-300x106.png 300w, https:\/\/www.rne.cl\/wp-content\/uploads\/2023\/10\/rnvv-768x272.png 768w, https:\/\/www.rne.cl\/wp-content\/uploads\/2023\/10\/rnvv-500x177.png 500w, https:\/\/www.rne.cl\/wp-content\/uploads\/2023\/10\/rnvv.png 1058w\" sizes=\"auto, (max-width: 1024px) 100vw, 1024px\" \/><\/figure>\n\n\n\n<p><strong>La Red Nacional de Vigilancia Volc\u00e1nica (RNVV)<\/strong>\u00a0es un departamento dentro de la\u00a0<strong>Subdirecci\u00f3n Nacional de Geolog\u00eda de Servicio Nacional de Geolog\u00eda y Miner\u00eda (SERNAGEOMIN)<\/strong>. Su misi\u00f3n es la generaci\u00f3n de conocimiento cient\u00edfico-t\u00e9cnico sobre la actividad volc\u00e1nica en territorio nacional, con el fin de proveer informaci\u00f3n oportuna a las autoridades para la correcta gesti\u00f3n de emergencias volc\u00e1nicas y en la toma de decisiones enfocadas en la seguridad de la poblaci\u00f3n y al resguardo de la infraestructura.<\/p>\n\n\n\n<p><strong>Revisa informaci\u00f3n en tiempo real de todos los volcanes monitoreados 24&#215;7 en Chile en el siguiente link:<\/strong><\/p>\n\n\n\n<p><a href=\"https:\/\/rnvv.sernageomin.cl\/\" data-type=\"link\" data-id=\"https:\/\/rnvv.sernageomin.cl\/\" target=\"_blank\" rel=\"noreferrer noopener\">Link RNVV<\/a><\/p>\n","protected":false},"excerpt":{"rendered":"<p>La Red Nacional de Vigilancia Volc\u00e1nica (RNVV)\u00a0es un departamento dentro de la\u00a0Subdirecci\u00f3n Nacional de Geolog\u00eda de Servicio Nacional de Geolog\u00eda y Miner\u00eda (SERNAGEOMIN). Su misi\u00f3n es la generaci\u00f3n de conocimiento cient\u00edfico-t\u00e9cnico sobre la actividad volc\u00e1nica en territorio nacional, con el &hellip; <a href=\"https:\/\/www.rne.cl\/?page_id=69\">Continuar leyendo <span class=\"meta-nav\">&rarr;<\/span><\/a><\/p>\n","protected":false},"author":2,"featured_media":0,"parent":0,"menu_order":0,"comment_status":"closed","ping_status":"closed","template":"","meta":{"footnotes":""},"class_list":["post-69","page","type-page","status-publish","hentry"],"_links":{"self":[{"href":"https:\/\/www.rne.cl\/index.php?rest_route=\/wp\/v2\/pages\/69","targetHints":{"allow":["GET"]}}],"collection":[{"href":"https:\/\/www.rne.cl\/index.php?rest_route=\/wp\/v2\/pages"}],"about":[{"href":"https:\/\/www.rne.cl\/index.php?rest_route=\/wp\/v2\/types\/page"}],"author":[{"embeddable":true,"href":"https:\/\/www.rne.cl\/index.php?rest_route=\/wp\/v2\/users\/2"}],"replies":[{"embeddable":true,"href":"https:\/\/www.rne.cl\/index.php?rest_route=%2Fwp%2Fv2%2Fcomments&post=69"}],"version-history":[{"count":1,"href":"https:\/\/www.rne.cl\/index.php?rest_route=\/wp\/v2\/pages\/69\/revisions"}],"predecessor-version":[{"id":72,"href":"https:\/\/www.rne.cl\/index.php?rest_route=\/wp\/v2\/pages\/69\/revisions\/72"}],"wp:attachment":[{"href":"https:\/\/www.rne.cl\/index.php?rest_route=%2Fwp%2Fv2%2Fmedia&parent=69"}],"curies":[{"name":"wp","href":"https:\/\/api.w.org\/{rel}","templated":true}]}}